- 3 + 2*a**2 + k + 5*a - a**2. Determine y(4).
2
Let x(f) = -4 + 0 + 7 - 3*f. Determine x(-5).
18
Let q(u) = -5*u**3 + u**2 - u - 1. Let s be (15/60)/(1/(-4)). Determine q(s).
6
Let r(k) be the second derivative of k**5/20 - 5*k**4/12 + 5*k**3/6 - 2*k**2 + 13*k. Determine r(4).
0
Let t(o) = 4*o**2 + 4*o**3 - 6*o**3 - 2*o + o**3 + 4. Give t(5).
-31
Let k(d) be the first derivative of -3*d**2 + 1. Let p(c) = c**3 + 8*c**2 + 15*c + 17. Let z be p(-6). What is k(z)?
6
Let y(t) = 3*t + 4. Let j(w) = -5*w - 7. Let p(b) = 2*j(b) + 5*y(b). Calculate p(-4).
-14
Let r(y) = -4*y - 9 - 4*y**3 + 5 + 7*y**2 + 3*y**3. Determine r(5).
26
Let h be (-11)/(-2) - 1/2. Let l(p) = 6*p**2 - p - 3*p - 4*p**3 + 3*p**3 - 2. Let m be l(h). Let s(t) = t + 1. Give s(m).
4
Let t(h) = -3*h**2 + h - 7. Let c(u) = 2*u**2 - u + 5. Let a(b) = -7*c(b) - 5*t(b). What is a(-1)?
-1
Let i be 2/((-8)/(-52)) + -1. Suppose 3*s + a = i, 0*a + 15 = 4*s + a. Let h(u) = u + 9. Let v(j) = -j - 8. Let q(t) = 4*h(t) + 5*v(t). Give q(s).
-7
Let j(p) = -p - 7. Let y(l) = -l. Let m be y(-2). Suppose -44 = -4*h - 4*b, -3*h + b + 18 - 5 = 0. Let f be (3/h*0)/m. Determine j(f).
-7
Let b(a) = 3*a**3 - 2*a**2 + 5*a + 9. Let u(i) = -5*i**3 + 3*i**2 - 7*i - 14. Let y(r) = 8*b(r) + 5*u(r). What is y(-3)?
5
Let m(t) = -t**3 + 7*t**2 + 7*t - 4. Let g(u) = -u**3 + 7*u**2 + 8*u - 3. Let y(z) = -5*g(z) + 6*m(z). Give y(7).
5
Let a = -1 - 4. Let j be (-2)/1 + 5/a. Let l(x) = -x**3 - 2*x**2 + x - 2. Calculate l(j).
4
Let z(v) = v**3 - 2*v**2 - v + 2. Suppose 0 = -3*c + 2*i + 1, 5*c + 3*i + 0*i - 27 = 0. Let a be c/(-9) - 2/(-6). Suppose 2*g + a*g = 4. Calculate z(g).
0
Let i(y) = -y**3 + 3*y**2 + 3*y + 6. Let t = -9 + 8. Let k(o) = -o**2 + o + 1. Let f(s) = t*i(s) + k(s). Calculate f(5).
10
Suppose -2*g - 3*z = -18, 2*g = -3*g + 4*z - 1. Let x(c) be the second derivative of 0 + 0*c**2 - 5/6*c**g - c. Give x(1).
-5
Let n be (0 - 2)*5/2. Let p(s) be the first derivative of s**5/20 + 5*s**4/12 - s**3/6 - s**2 + 4*s - 1. Let v(h) be the first derivative of p(h). What is v(n)?
3
Let p(l) = -2*l**2 + 10*l**2 - 9*l**2 - 13 - l. Determine p(0).
-13
Let y(z) be the first derivative of 1/2*z**2 - 8*z - 5. Determine y(0).
-8
Let f(o) be the third derivative of -o**6/360 + 7*o**5/120 - 5*o**4/24 + o**3/3 + 7*o**2. Let w(n) be the first derivative of f(n). Determine w(4).
7
Let s(c) = -c**3 - 6*c**2 - 6*c + 1. Let y be 30/6*4/5. Suppose -16 = y*l + 4. Determine s(l).
6
Let w(x) = 4*x**2 - 2 + 329*x - 5*x**2 + 6*x**2 - 332*x - x**3. Let p(s) = -s**2 + 6*s - 4. Let q be p(4). Calculate w(q).
2
Let q(k) = k**2 - 6*k - 6. Let u(h) = h**2 - 13*h - 8. Let d be u(14). What is q(d)?
-6
Let d(i) = i**3 - i**2 - i + 4. Suppose -2*w + 5*w = 0. Suppose w*c = -3*c. What is d(c)?
4
Let d(l) = l + 2. Let i(g) = -5*g - 11. Let f(j) = -11*d(j) - 2*i(j). What is f(-4)?
4
Let c(v) be the second derivative of -v**4/12 + 4*v**3/3 + 5*v**2/2 - 30*v. Give c(10).
-15
Let v(z) = 3*z - 2. Let b be v(2). Let j(m) = b*m + 3 - 2*m - m**2 + 4*m - 4*m. What is j(-2)?
-5
Let x be 9 + -2 + -3 + 3. Suppose x*c = 3*c. Let t(p) be the second derivative of -p**5/20 + p**4/12 + p**3/6 + 3*p**2 - p. Determine t(c).
6
Let v(r) = 2*r + 4. Let x be v(-4). Suppose -6*f = -5*f - 5. Let k(m) = -8*m + f*m + m - 4. Determine k(x).
4
Let m(h) be the second derivative of -h**5/20 + h**4/2 - h**2/2 - 2*h. Let t be m(6). Let f(o) = 5*o - 1. Determine f(t).
-6
Let s(y) = -y**3 - 4*y**2 - 2*y - 2. Suppose 0 = -3*n - 16 + 4. Calculate s(n).
6
Let m(u) = -u**2 + 3*u - 4. Let o(c) = 8*c**2 + 24*c + 12. Let g(p) = -3*p**2 - 8*p - 4. Let y(v) = 11*g(v) + 4*o(v). Let z be y(8). Determine m(z).
-8
Let s(z) = z + 6. Let y = -8 - -11. Suppose 5*g + y*c = -19, 0*c = -3*c + 6. Give s(g).
1
Suppose 0 = 5*p + 1 + 19. Let r(f) = f**2 + 2*f - 1. Let a(u) = u**2 + 2*u - 1. Let q(g) = -4*a(g) + 3*r(g). Give q(p).
-7
Let t be 56/(-192) - (-1)/2. Let o(m) be the third derivative of 1/120*m**6 - 2*m**2 - 1/15*m**5 + 0 - 1/3*m**3 + t*m**4 + 0*m. Calculate o(3).
4
Let j(v) = v + 1. Let x(h) = -13*h - 2. Let s(m) = 5*j(m) + x(m). Give s(2).
-13
Let t = -7 + 8. Suppose 0 = m + 4, t + 0 = -3*w - m. Let a(p) = -2*p + 1. Calculate a(w).
-1
Let g(l) = -l**3 + 2*l**2 + 2*l - 2. Let v be (-46)/8 + 4/(-16). Let p = v + 9. What is g(p)?
-5
Let i be ((-162)/(-12))/(3/(-4)). Let b = i + 12. Let f(h) = h**3 + 5*h**2 - 5*h - 6. What is f(b)?
-12
Suppose 0*c = 5*c. Let s(n) be the third derivative of 2/3*n**3 - 2*n**2 + 1/120*n**6 + 0 + c*n - 1/10*n**5 + 1/6*n**4. Calculate s(5).
-1
Let d(z) be the first derivative of z**4/4 + z**3/3 - 3*z - 5. Let v be (1 - 1)/(-3 - -2). Determine d(v).
-3
Let a be 9 + -4 - 1*3. Suppose -12 = 3*k - 2*n, -2*k = -a*n - 0*n + 8. Let f(y) = y**3 + 5*y**2 + 5*y - 4. Calculate f(k).
-8
Let s(n) = 5*n - 11. Suppose -t = -3*t + 2*r + 14, -t - 2*r + 19 = 0. Let c(z) = 9*z - 21. Let f(d) = t*s(d) - 6*c(d). Give f(-5).
0
Let p = -6 - -9. Let v(c) = -c**2 - 1 - p*c - 1 + 2 + c**3. What is v(3)?
9
Suppose 5*b = -17 + 52. Suppose 0 = 4*k - b*k + 9. Suppose 0 = 2*z + 2*z + k*q - 10, 4*z - 2*q = 0. Let t(r) = -5*r - 1. What is t(z)?
-6
Let h(w) = -w - 6. Let i be h(-8). Let m = 0 + i. Let a be (5 - 5)/(m*-1). Let b(j) = -j**2 + 9. Give b(a).
9
Let s(c) be the third derivative of -5*c**4/24 - c**3/3 - 4*c**2. Give s(-2).
8
Suppose 3*x = -2*t - 4, -19*x = 5*t - 17*x - 1. Let u be (1 + (-18)/4)*-2. Let n(j) = 5*j + 1 - u*j - 5*j. Calculate n(t).
-6
Suppose -4 - 5 = -3*l. Let z(o) = -l + 0 + 0*o - 4*o + 1. Determine z(-2).
6
Let z(u) = u**3 - u**2. Suppose 0 = 6*s - s + 4*f + 55, -5*s + 4*f = 15. Let w(y) = -y**2 - 8*y - 6. Let o be w(s). Calculate z(o).
0
Let i(w) = 2*w - 4*w**3 + 4*w**3 + w**3 + 2*w**3. Give i(-2).
-28
Let d(l) = 14*l - 34 + 35 - 4*l. Calculate d(-1).
-9
Let i(l) = -l**2 - l - 2. Let m(d) = -1 + 0 - d**3 + 2*d**3 + 3 + 3*d**2 + 4*d. Let n be m(-2). Give i(n).
-4
Let k(o) = -4*o - 3. Let a be k(-2). Let l(m) = -m**2 - 1 + 51*m - a - 58*m. What is l(-6)?
0
Let i = 8 + -4. Suppose i*f + 2 - 6 = 0. Let j(k) = 8 - f + k - 1. Give j(-5).
1
Let s(o) = -o**3 + 5*o**2 - 4*o + 2. Let z be s(4). Suppose -3*n + 5*y = 2*n + 5, -z*y + 5 = -3*n. Let k(c) = -c**3 - 4*c**2 - 3*c + 3. Calculate k(n).
3
Let f(w) = -7*w**2 + 10*w - 7. Let o(s) = -2*s**2 + s - 1. Let a(m) = -f(m) + 3*o(m). What is a(6)?
-2
Let u be (3 - (-65)/(-15))*3. Let o(z) = -z**2 - 6*z + 1. Give o(u).
9
Suppose -7*m + 2*m + 6 = -4*l, -4*l - 2 = -3*m. Let a(k) = k + 2. Let n(w) = 3*w + 7. Let x(r) = m*n(r) - 7*a(r). Give x(3).
-3
Let h be (-2)/6 - 2/(-6). Let w be 5 + (h/(-1))/1. Let m(p) be the second derivative of -p**3/6 + 7*p**2/2 + 5*p. Calculate m(w).
2
Let c(w) = -5*w - 1. Suppose 30 = -5*o + 5. Let n(m) = -6*m - 1. Let l(s) = o*c(s) + 4*n(s). Determine l(0).
1
Let i(r) = -3*r**2 + 10*r - 1. Let l(p) = -16*p**2 + 51*p - 5. Let d(a) = 11*i(a) - 2*l(a). Give d(7).
6
Let p(w) = w**2 + 7*w - 3. Let g be (5 + -3)/((-2)/8). Determine p(g).
5
Let b be -1 + (-11)/(-7) + 2964/399. Let j(t) = t - 9. Determine j(b).
-1
Let l(a) = -a**2 - 2*a + 5. Let b = 17 - 22. Determine l(b).
-10
Let o(g) = -g - 7. Let f(u) = u**3 - 8*u**2 - 12*u + 18. Let j be f(9). What is o(j)?
2
Suppose -3*n = -n - 6. Let j be (2*1)/((-2)/n). Let b(v) = -3*v - 1. Let f(a) = -a. Let p(x) = -3*b(x) + 8*f(x). What is p(j)?
0
Suppose -b = -3*b + 2. Let f(n) = 4*n - 1. Let s be f(b). Let m(c) = 9*c - 5. Let t(r) = -5*r + 2. Let j(d) = s*m(d) + 5*t(d). What is j(5)?
5
Let z(p) = p**3 - 4*p + 3*p**2 + p + p + 2 - 4. Calculate z(-4).
-10
Let d(p) be the third derivative of p**6/120 + p**5/12 + p**4/24 - p**3/3 - p**2. Let g(c) = c**2 + 5. Let u be g(0). Let j = 0 - u. Calculate d(j).
-7
Suppose -5*b + 8 = -b. Suppose -m = b - 4. Let u(g) = -g**3 - 2*g**2 + 3*g. What is u(m)?
-10
Let k(c) be the second derivative of c**5/20 - c**4/3 - c**3/2 - 2*c**2 + 18*c. Let u(i) = i**3 + 5*i**2 - 7*i - 1. Let y be u(-6). Determine k(y).
6
Let q(w) = -w**3 + 6*w**2 - w + 8. Let m be 3 + -6*(-3)/6. Determine q(m).
2
Let v(f) = -f**2 + 9*f - 11. Let p be v(7). Let i be ((-2)/p)/(6/9). Let j(z) = -2*z + 1. Calculate j(i).
3
Suppose 0 = s + h + 2*h - 2, 4*h = -3*s + 6. Let l(d) = d**3 + 1 + s*d**2 + 0*d**3 - 5*d**2. Suppose -5*w - 5 = 0, -b + 3*w + 1 + 4 = 0. Calculate l(b).
-3